hen 49 is divided by u?
23
Let g(b) = -b**3 - 9*b**2 - 15*b - 44. Calculate the remainder when g(-9) is divided by 24.
19
Let o(a) = 23*a + 322. What is the remainder when o(-11) is divided by 13?
4
Let m be 2/(-6) + ((-322)/(-3))/7. Calculate the remainder when 45 is divided by -18*(-2)/m*10.
21
Let o = -67 - -74. What is the remainder when 47 is divided by o?
5
Let d(a) = 21*a**2 - 17*a + 20. Calculate the remainder when 279 is divided by d(2).
69
Suppose -56*t = -57*t + 3*v + 175, -2*v - 354 = -2*t. What is the remainder when t is divided by 46?
40
Let n = -51 + 87. Suppose 3*t - n = 108. Suppose -t - 60 = -4*i. Calculate the remainder when i is divided by 6.
3
Suppose 4*y - 5 - 7 = -3*v, 2*y - 4 = -v. Suppose 5*m - 10 = y, l = 3*l - 5*m - 6. Calculate the remainder when 15 is divided by l.
7
Let z(v) = -v**3 + 12*v**2 + 12*v - 14. What is the remainder when z(12) is divided by 46?
38
Let w be (-92)/(-5)*30/(-24)*-4. Suppose -c - 3*c + w = 0. What is the remainder when 160 is divided by c?
22
Let k(f) = -2 + 2*f - 1 + 5 + 8*f. Suppose -24*b = -94 - 170. Calculate the remainder when k(4) is divided by b.
9
Let q(b) = b. What is the remainder when q(6) is divided by 6/15*(2/(-7))/((-380)/16625)?
1
Let k = 620 - 449. Calculate the remainder when k is divided by 6.
3
Suppose -4*g + 3*f = f - 72, 3*g - 2*f = 55. Calculate the remainder when 301 is divided by g.
12
Suppose 4*d - 1660 = -6*d. Calculate the remainder when d is divided by 59.
48
Let t be 14/2 - 2/(-4)*-4. Suppose 2*n + t = 2*y + 39, n = 5*y + 21. What is the remainder when 63 is divided by n?
15
Let i = -59 - -61. Suppose 5*f - 4*f + 4*c = 11, -4*c + 18 = i*f. What is the remainder when f is divided by 5?
2
Let b = -43 - -114. Let p be (-32)/(-18) + (-40)/(-180). Suppose u - 18 = a - 6*a, 0 = -4*u + p*a + 72. What is the remainder when b is divided by u?
17
Suppose -10 = -5*r - x + 30, 0 = r - 4*x - 29. What is the remainder when 87 is divided by r?
6
Suppose -141*d + 134*d = -231. What is the remainder when d is divided by 25?
8
Suppose -1152 = 4*f - 8*f - 4*v, -3*f + 3*v = -852. What is the remainder when f is divided by 36?
34
Let o = 21 + -4. Let z(w) = -10*w**3 - 1. Let s be z(1). Let l = o + s. What is the remainder when 17 is divided by l?
5
Suppose 56 = 4*f - 2*p, -13*p + 15*p = 5*f - 69. Calculate the remainder when 49 is divided by f.
10
Suppose 20*i - 200 = 10*i. Suppose -4*v = 2*x - 5*v - 319, -5*x - 4*v + 791 = 0. What is the remainder when x is divided by i?
19
Let l be 53/(4 + (-21)/6). Suppose -5*b = 3*f - l - 384, -150 = -f + 5*b. What is the remainder when f is divided by 18?
16
Suppose -2*i = -3*y - 457, -3*y = 23 - 8. Calculate the remainder when i is divided by 24.
5
Let t = 301 - 291. Calculate the remainder when 59 is divided by t.
9
Let x = -32 - -28. Let i be 6*(1 - x/24). Suppose -i*t = -5*t - 54. Calculate the remainder when t is divided by 15.
12
Suppose -3*h = -2*b - 38, 8 + 8 = -4*b. Let r = 163 + -95. Calculate the remainder when r is divided by h.
8
Suppose -597*i + 3204 = -585*i. Calculate the remainder when i is divided by 32.
11
Let h = 10 + -6. Suppose 26*f = 51*f - 125. What is the remainder when f is divided by h?
1
Suppose 5*w - 2 = 13. Suppose 4*g - 686 = -k, 0*k + 511 = w*g - k. Suppose -2*b = -n + 78, -2*n = -2*b + 7 - g. What is the remainder when n is divided by 29?
28
Suppose 4*d = -2*k + 114, d + 5*k - 1 = 5. Let a(g) = -2*g + 6*g**2 - 4*g - 5 - 7*g**2 - 8*g. What is the remainder when d is divided by a(-13)?
7
Suppose -t + 107 = 5*s, -2*s = -4*t + 2*s + 548. Suppose -5*j = -j - t. Calculate the remainder when j is divided by 6.
3
Suppose -4*q - 2*x = -70, -10 = -q - 3*x - 0*x. What is the remainder when q is divided by 19/(-38)*(-20 + 0)?
9
Let m = 9 + 0. Suppose -4*g = 2*q - 12, g + 2*g = -3*q + 15. Calculate the remainder when m is divided by g + -6*2/(-3).
4
Suppose 4*t + t = 105. Suppose 0 = 2*w - 9 - t. Let c = -135 + 177. Calculate the remainder when c is divided by w.
12
Suppose 0 = 32*b - 1 - 95. Calculate the remainder when 93 is divided by b.
0
Let z(j) = 4*j**2 - 3*j - 2. Let b = -21 - -12. Let f = b + 12. What is the remainder when z(f) is divided by 9?
7
Let t be ((-5)/2)/((-11)/22). Let n(b) = b**3 - 6*b**2 + 5*b - 6. Let k be n(t). Calculate the remainder when 34 is divided by 2*-1*15/k.
4
Let n(c) = c**2 - 17*c - 229. What is the remainder when 129 is divided by n(-9)?
4
Let a = 472 - 465. What is the remainder when 20 is divided by a?
6
Suppose 4*a + 0*a - 4*l - 156 = 0, 0 = 5*l + 10. Let z = 40 - 27. Calculate the remainder when a is divided by z.
11
Let r be (-12)/(-10) + 3/(-15). Suppose -r = 2*x + n, 4*x - 5*n = 1 + 18. Calculate the remainder when 7 + (x - 2) + -1 is divided by 2.
1
Let r(n) = -n**2 + n + 7. Let s be r(-5). Let q = -20 - s. Suppose -2*k + 51 = 3*k + q*d, -4*k - d + 45 = 0. What is the remainder when 47 is divided by k?
11
Suppose 0 = -3*z + v - 3 + 2, -z + 5*v + 9 = 0. Let x = 6 - z. What is the remainder when 19 is divided by x?
5
Let c = -334 + 405. Suppose 3*k = 2*k + 37. Calculate the remainder when c is divided by k.
34
Let y = 391 + -259. Calculate the remainder when y is divided by 4.
0
Let k = 23 - 32. Calculate the remainder when 13 is divided by (4 - 52/12)*k.
1
Let t be (-6)/4 + 11/2. Suppose -t*n = -37 + 9. What is the remainder when 27 is divided by n?
6
Let n(s) = -s - 21. Let k(q) = -q**3 - 6*q**2 + 4*q + 4. Calculate the remainder when k(-7) is divided by n(-30).
7
Suppose -5*g - 136 = -3*x, 82 = 3*x - 2*g - 39. Let d = x + -18. Calculate the remainder when d is divided by 16/6*30/8.
9
Let r(g) = 34*g + 2. Let y(t) = 5*t. Let d(n) = -5*r(n) + 35*y(n). Calculate the remainder when d(9) is divided by 18.
17
Suppose -153 = -2*t - 3*y, 3*y = 5*t + 4*y - 415. Calculate the remainder when 164 is divided by t.
80
Suppose 5*q - 226 = 4*q - 2*i, q + i - 221 = 0. Calculate the remainder when q is divided by 45.
36
Suppose -5*n = 3*x - 212, 6*x + n - 368 = x. What is the remainder when x is divided by 23?
5
Let b(l) = l + 3. Let j be b(0). Let s(h) = h**2 + 4*h + 4. Let t be s(-3). Suppose 16 - t = j*k. What is the remainder when 9 is divided by k?
4
Let z(i) = -i**3 - 9*i**2 + 8*i + 2. Let n be z(-10). Let x = -13 + n. Suppose -2*o + 17 + x = 0. Calculate the remainder when o is divided by 4.
1
Let z(r) = -r**2 - 6*r - 4. Let f be z(-7). Let s = f + 18. Suppose -3*w = -s - 65. What is the remainder when w is divided by 13?
11
Suppose -2*p - 91 = -o + p, -o + 101 = -5*p. Suppose -17*y - o = -21*y. What is the remainder when y is divided by 11?
8
Let w = 4 + 0. Suppose w*r - 1 = l - 2*l, 3*l = -2*r + 13. Let t = 458 + -439. Calculate the remainder when t is divided by l.
4
Suppose 2*x = -9*x + 44. Suppose x*v + t = 180, -5*t - 66 = -0*v - v. What is the remainder when v is divided by 10?
6
Let j = -147 - -157. Suppose 0 = 2*c + 1 - 7. Suppose -2*s = 4*y - 54, 0*s = -c*s - 2*y + 65. What is the remainder when s is divided by j?
9
Let r = -10 + 21. Suppose 0 = r*a - 15*a + 40. Calculate the remainder when 67 is divided by a.
7
Suppose 3*c = -5*h + 71, 87*c = 83*c + 3*h + 85. Calculate the remainder when c is divided by 32/2*1/2.
6
Let s(h) be the third derivative of h**5/10 - h**3/6 - 18*h**2. What is the remainder when 14 is divided by s(1)?
4
Suppose 0*s - s + 86 = 0. What is the remainder when s is divided by -6 + (-2748)/(-96) - (-6)/16?
17
Suppose -39*n + 76 = -35*n. What is the remainder when 35 is divided by n?
16
What is the remainder when 252 is divided by 130 - (1/(-2))/((-49)/98)?
123
Suppose 7*x = -6*x + 52. Suppose 0 = x*v + 54 - 178. Calculate the remainder when 152 is divided by v.
28
Let d(m) = -9*m**3 + 7*m - 2. Let g be d(-5). Suppose g = 14*f + 2*f. Calculate the remainder when f is divided by 5.
3
Suppose 57 = -29*u + 32*u. Calculate the remainder when 55 is divided by u.
17
Let z be 2/(-9) - (-188)/36. Suppose -2*w + 39 = z. Suppose 94 = 2*i + 2*b, -b = 4*i - 0*i - 191. What is the remainder when i is divided by w?
14
Let n = 1931 - 1908. What is the remainder when 42 is divided by n?
19
Suppose -216 = -n - 45. Calculate the remainder when n is divided by 43.
42
Let z(g) = 19*g + 29. Let p be z(13). Suppose 0 = -8*n + 228 + p. What is the remainder when n is divided by 3